emainder when 942286 is divided by 1923?
16
What is the remainder when 1486 is divided by 134?
12
Calculate the remainder when 3899054 is divided by 434.
432
Calculate the remainder when 5886 is divided by 250.
136
What is the remainder when 16797 is divided by 365?
7
Calculate the remainder when 616 is divided by 126.
112
What is the remainder when 3093534 is divided by 233?
226
What is the remainder when 1661 is divided by 39?
23
Calculate the remainder when 3792 is divided by 119.
103
What is the remainder when 2484 is divided by 100?
84
Calculate the remainder when 48524 is divided by 638.
36
What is the remainder when 4320 is divided by 426?
60
Calculate the remainder when 37727 is divided by 3766.
67
Calculate the remainder when 139257 is divided by 49.
48
What is the remainder when 114346 is divided by 114264?
82
What is the remainder when 9285 is divided by 25?
10
What is the remainder when 64468 is divided by 368?
68
Calculate the remainder when 5541 is divided by 1385.
1
Calculate the remainder when 328463 is divided by 8.
7
Calculate the remainder when 8618 is divided by 1142.
624
What is the remainder when 5539 is divided by 56?
51
What is the remainder when 79658 is divided by 261?
53
Calculate the remainder when 13325 is divided by 2661.
20
What is the remainder when 317283 is divided by 1?
0
Calculate the remainder when 1959 is divided by 968.
23
What is the remainder when 30800 is divided by 12?
8
What is the remainder when 15086 is divided by 15079?
7
What is the remainder when 155903 is divided by 22?
11
What is the remainder when 84203 is divided by 1026?
71
Calculate the remainder when 93014 is divided by 440.
174
What is the remainder when 49791 is divided by 135?
111
What is the remainder when 660 is divided by 511?
149
What is the remainder when 33272 is divided by 128?
120
Calculate the remainder when 8351 is divided by 2760.
71
Calculate the remainder when 14754 is divided by 60.
54
What is the remainder when 17902 is divided by 2981?
16
What is the remainder when 471624 is divided by 125?
124
What is the remainder when 232631 is divided by 58150?
31
What is the remainder when 913028 is divided by 113?
101
Calculate the remainder when 208129 is divided by 26.
25
Calculate the remainder when 634561 is divided by 9.
7
What is the remainder when 533419 is divided by 48?
43
Calculate the remainder when 76528 is divided by 4783.
0
Calculate the remainder when 281568 is divided by 17.
14
What is the remainder when 2026313 is divided by 224?
9
What is the remainder when 70812 is divided by 208?
92
What is the remainder when 18864 is divided by 3144?
0
Calculate the remainder when 694069 is divided by 10.
9
What is the remainder when 29395 is divided by 2257?
54
Calculate the remainder when 50122 is divided by 651.
646
Calculate the remainder when 14108 is divided by 14018.
90
What is the remainder when 3030 is divided by 515?
455
Calculate the remainder when 3067 is divided by 1514.
39
What is the remainder when 60566 is divided by 183?
176
What is the remainder when 64029 is divided by 24?
21
Calculate the remainder when 47640 is divided by 14.
12
Calculate the remainder when 80832 is divided by 26935.
27
Calculate the remainder when 58852 is divided by 34.
32
What is the remainder when 12198 is divided by 3?
0
What is the remainder when 33584 is divided by 5581?
98
Calculate the remainder when 13096 is divided by 583.
270
Calculate the remainder when 20849 is divided by 2066.
189
What is the remainder when 4153 is divided by 346?
1
What is the remainder when 1406 is divided by 1392?
14
What is the remainder when 9569 is divided by 199?
17
Calculate the remainder when 35783 is divided by 103.
42
Calculate the remainder when 24648 is divided by 560.
8
Calculate the remainder when 3262 is divided by 24.
22
Calculate the remainder when 2648 is divided by 300.
248
Calculate the remainder when 1335 is divided by 523.
289
Calculate the remainder when 35821 is divided by 234.
19
Calculate the remainder when 33031 is divided by 380.
351
Calculate the remainder when 37999 is divided by 48.
31
What is the remainder when 146199 is divided by 42?
39
Calculate the remainder when 29521 is divided by 404.
29
Calculate the remainder when 148143 is divided by 394.
393
What is the remainder when 2744 is divided by 1361?
22
What is the remainder when 265094 is divided by 104?
102
What is the remainder when 83510 is divided by 22?
20
What is the remainder when 2039 is divided by 1967?
72
What is the remainder when 78 is divided by 34?
10
Calculate the remainder when 274050 is divided by 524.
522
Calculate the remainder when 2917 is divided by 86.
79
Calculate the remainder when 319 is divided by 10.
9
What is the remainder when 1152 is divided by 40?
32
What is the remainder when 829 is divided by 696?
133
Calculate the remainder when 1013 is divided by 185.
88
Calculate the remainder when 47836 is divided by 402.
400
Calculate the remainder when 25959 is divided by 8643.
30
What is the remainder when 15782 is divided by 30?
2
What is the remainder when 634 is divided by 304?
26
Calculate the remainder when 128999 is divided by 250.
249
Calculate the remainder when 840053 is divided by 234.
227
Calculate the remainder when 11546 is divided by 47.
31
Calculate the remainder when 220702 is divided by 6491.
8
Calculate the remainder when 6509 is divided by 6504.
5
Calculate the remainder when 51142 is divided by 3377.
487
Calculate the remainder when 82799 is divided by 150.
149
What is the remainder when 7122 is divided by 508?
10
What is the remainder when 11113 is divided by 1575?
88
What is the remainder when 2325802 is divided by 204?
202
Calculate the remainder when 1802 is divided by 205.
162
What is the remainder when 46841 is divided by 11647?
253
Calculate the remainder when 8753 is divided by 28.
17
What is the remainder when 165039 is divided by 53?
50
Calculate the remainder when 1339 is divided by 401.
136
Calculate the remainder when 640266 is divided by 7.
4
Calculate the remainder when 1068 is divided by 354.
6
Calculate the remainder when 7969 is divided by 57.
46
What is the remainder when 31268 is divided by 460?
448
Calculate the remainder when 23239 is divided by 398.
155
What is the remainder when 151199 is divided by 30235?
24
Calculate the remainder when 806208 is divided by 292.
288
Calculate the remainder when 35443 is divided by 100.
43
Calculate the remainder when 13192 is divided by 7.
4
Calculate the remainder when 2548 is divided by 352.
84
Calculate the remainder when 1042 is divided by 75.
67
What is the remainder when 137421 is divided by 13?
11
What is the remainder when 272 is divided by 43?
14
Calculate the remainder when 4463 is divided by 12.
11
What is the remainder when 2382 is divided by 168?
30
Calculate the remainder when 951 is divided by 40.
31
What is the remainder when 253074 is divided by 350?
24
What is the remainder when 26304 is divided by 1091?
120
Calculate the remainder when 58502 is divided by 48.
38
What is the remainder when 1485 is divided by 153?
108
Calculate the remainder when 10964 is divided by 2700.
164
What is the remainder when 46029 is divided by 55?
49
Calculate the remainder when 5173 is divided by 5140.
33
What is the remainder when 5495 is divided by 1824?
23
Calculate the remainder when 886 is divided by 274.
64
What is the remainder when 10814 is divided by 253?
188
Calculate the remainder when 37183 is divided by 18588.
7
What is the remainder when 265704 is divided by 255?
249
What is the remainder when 1953150 is divided by 357?
3
Calculate the remainder when 289915 is divided by 20.
15
What is the remainder when 3481 is divided by 589?
536
What is the remainder when 6974 is divided by 328?
86
Calculate the remainder when 3464 is divided by 60.
44
Calculate the remainder when 144706 is divided by 343.
303
Calculate the remainder when 1462 is divided by 164.
150
Calculate the remainder when 4586 is divided by 55.
21
What is the remainder when 43671 is divided by 21807?
57
Calculate the remainder when 11708 is divided by 279.
269
What is the remainder when 15047 is divided by 175?
172
What is the remainder when 20705 is divided by 147?
125
Calculate the remainder when